?
5, 15287
Let f = 499 - 268. List the prime factors of 99/f + ((-11320)/7)/(-2).
809
Suppose -108*p + 34 = -107*p. List the prime factors of ((-51)/p)/((-4)/((-976)/(-6))).
61
Suppose 0 = -0*n + 3*n - 9. Suppose -4*z - 20 = 0, 0 = -5*d + 6*z - n*z - 20. Let b = d + 9. List the prime factors of b.
2
Let j(l) = 4*l**2 - 2*l + 17380. What are the prime factors of j(0)?
2, 5, 11, 79
Let s(c) = 56*c**2 - 19*c**2 - 24*c**2 - 11*c**2 - 24*c + 16. List the prime factors of s(23).
2, 3, 29
Let y(p) = -3*p**3 - 11*p**2 - 6*p - 5. Let x be y(-5). Suppose -5*h + x + 150 = 0. Let s = 128 + h. What are the prime factors of s?
3, 61
Let c = -444 + 2399. What are the prime factors of c?
5, 17, 23
What are the prime factors of ((-222)/(-8))/(-5 + (-5003)/(-1000))?
2, 5, 37
Suppose 0 = 2*v - 2*w - 70, -5*v + 207 = -29*w + 32*w. Suppose 2*z = v*z - 11470. List the prime factors of z.
2, 5, 31
Suppose -3392480 = 15*a - 175*a. What are the prime factors of a?
7, 13, 233
Suppose -20*p + 2071 - 34231 = -40*p. List the prime factors of p.
2, 3, 67
Suppose -32*u + 373828 = -62140. What are the prime factors of u?
2, 13, 131
Let j(g) = -g**3 + 4*g**2 - 6. Let x be j(3). Suppose k = -x*k + 20. Let w(o) = 3*o - 5. List the prime factors of w(k).
2, 5
Let i = -183 - -322. Let u(o) = -5*o - 77. Let p be u(-16). Suppose i + p = 2*y. List the prime factors of y.
71
Suppose -o + 5*o = 2*o + 15660. What are the prime factors of o?
2, 3, 5, 29
Let f(w) = -2*w + 7. Let h be f(-2). Let l = h + -11. Suppose -m + c = -0*m - 193, l = 2*m + 5*c - 400. List the prime factors of m.
3, 5, 13
Let r = 339 + -317. Suppose -6*w - 4512 = -r*w. List the prime factors of w.
2, 3, 47
Let b(m) = -38119*m + 49. What are the prime factors of b(-1)?
2, 13, 367
Let n(p) be the second derivative of 29*p**3/6 + 5*p**2 + 2*p. Let c be n(-6). List the prime factors of 4/(-6) - 0 - c/12.
13
Let d(r) = -3*r**3 - 33*r**2 + 7*r - 35. List the prime factors of d(-20).
5, 17
Suppose -4*v - 10*f = -15*f + 49, 0 = 2*v - 2*f + 22. Let u(z) = -2*z**3 - 8*z**2 - 22*z + 12. List the prime factors of u(v).
2, 3
Suppose 4*t - t - 5*s = 88, -4*t = -s - 123. Suppose -34*p + 936 = -t*p. What are the prime factors of p?
2, 3, 13
Suppose w - 2*p = 1411, 0*w = 2*w + 2*p - 2846. Suppose -2*f - w = -5*d, -d + 242 + 45 = -2*f. List the prime factors of d.
283
What are the prime factors of ((-110)/15 + -7)/(1/(-921))?
43, 307
Suppose -5*t + 4671 + 37551 = 3*q, 0 = 3*q + 4*t - 42222. What are the prime factors of q?
2, 31, 227
Suppose 6 = -3*x, -2*i = -4*i - 2*x - 764. Let w = i + 647. List the prime factors of w.
3, 89
Let c = -18 + 18. Suppose -7*o + 9 + 12 = c. List the prime factors of -4 + 100/(o - -2).
2
Let l = -39 + 43. Let b be (0*(-2)/l)/(-1). Suppose -2*j = -b*z - 4*z + 388, 87 = z - 3*j. List the prime factors of z.
3, 11
Let c(f) = f - 1. Let m be c(4). Suppose 5*x + q + q = 581, -m*q + 9 = 0. Let u = x - 74. What are the prime factors of u?
41
Let c(z) = 16*z + 8. Let m be c(9). Suppose -5*t = -8*t - 276. Let i = t + m. What are the prime factors of i?
2, 3, 5
Let i(t) = t - 1. Let g(u) = u**2 - 18*u - 15. Let h(r) = -g(r) - 2*i(r). Let x = -726 + 736. List the prime factors of h(x).
7, 11
Let m = -53450 + 75124. List the prime factors of m.
2, 10837
Suppose r + 6 = 4*j, 4*r = 2*j + j - 11. Let l be (-1)/r*(-4 - 4/(-1)). What are the prime factors of l - (1 - 31)*(-30)/(-25)?
2, 3
What are the prime factors of ((-56)/(-21))/(6/20988*1)?
2, 11, 53
List the prime factors of 0 + 7 - 9/(252/(-660688)).
23603
Let x(f) = 2*f**3 - 23*f**2 + 37*f - 1644. What are the prime factors of x(23)?
2, 11, 47
Suppose 2*n - 226646 = -18*n + 89954. What are the prime factors of n?
2, 5, 1583
Let w be (0*(-3 + 4))/(-2). Suppose 3*u + 12 = b - 4*b, 4*b - u + 36 = w. Let x(r) = 4*r**2 + 9*r - 10. List the prime factors of x(b).
2, 3, 29
Suppose 2*m + 261 = v, m - 1329 = -5*v - m. Let j = v - 127. What are the prime factors of j?
2, 3, 23
What are the prime factors of 45/(-3 - -8) - -8849?
2, 43, 103
Suppose -3*t - 123 = -6*t. Suppose 35*q + 1962 = t*q. What are the prime factors of q?
3, 109
Let p(u) = 2*u**3 + 8*u**2 + 118*u + 63. What are the prime factors of p(24)?
3, 11717
Let x(p) = 146*p + 138*p + 15 - 19 - 22. List the prime factors of x(4).
2, 3, 5, 37
Suppose -5*w = 4*t + 24, 0 = -0*w - 3*w - 12. What are the prime factors of (-635)/(-1) + 10*t/(-2)?
2, 5
Let x be (1 - (-12)/(-8))*-8. Suppose -w + 2*j + 240 = -j, -x*j = 3*w - 759. List the prime factors of w.
3, 83
Let p = 2499 + -1496. Suppose -x = -c + p, -x - 4999 = 13*c - 18*c. What are the prime factors of c?
3, 37
Let h(u) be the first derivative of 3*u**2/2 - 15*u - 24. Let a be h(6). Suppose 2*d = -3*g + 102 + 81, -a*g - 9 = 0. List the prime factors of d.
2, 3
Let w = 4513 + 4157. List the prime factors of w.
2, 3, 5, 17
Let n(b) = b**3 + 11*b**2 - 15*b - 15. Let z be (1 + -7)*-1*306/(-12). Let r be ((-8)/(-6))/(17/z). What are the prime factors of n(r)?
3, 7
Suppose 0 = 3*a - 2*a - 5, -y + 37 = a. Suppose 0*p + 2*h = p - y, -5*h = p + 3. What are the prime factors of p?
2, 11
Suppose 7*w = 4*w - 4*s + 19, -3*w + s = -14. Suppose -w*k - 36 = -17*k. Suppose 147 = k*p - 474. What are the prime factors of p?
3, 23
Suppose 0 = 27*h - 112892 - 80995. List the prime factors of h.
43, 167
Suppose 4*y + 4*u = 14324, -4*u = 17 - 13. Suppose 8*v = y + 3162. List the prime factors of v.
3, 281
Suppose 3*j + 5*f = -48, 55 = -4*j - 5*f - 9. Let i be (-8 - -1)*-42*(-8)/j. Let c = -125 + i. What are the prime factors of c?
2, 11
What are the prime factors of 10512 + 2/4*9*-2?
3, 389
Suppose 8*o = 15*o + 10*o. Suppose o = 102*d - 89*d - 13845. What are the prime factors of d?
3, 5, 71
Let d(r) = 992*r - 1718. What are the prime factors of d(21)?
2, 19, 503
Let m be (-3)/((9/(-189))/(69/(-9))). Let c = -261 - m. What are the prime factors of c?
2, 3, 37
Let g(a) = 49*a + 9. Let z be g(4). Let j(n) = n**3 - 8*n**2 + 6*n - 9. Let y be j(9). Let m = z - y. List the prime factors of m.
79
Let a(l) = 8*l**2 + 2*l + 265. List the prime factors of a(-15).
5, 11, 37
Suppose j - 4*j + y = -293, 3 = 3*y. Suppose -94*o + j*o = 2216. Let r = o + -307. What are the prime factors of r?
13, 19
Let l be (40/60 - (-160)/(-6))/(-2). Suppose -l*d = -6 - 5207. List the prime factors of d.
401
Suppose 0*c + 70 = 5*c. Let j be 448/c - (0 + 2). What are the prime factors of ((-255)/j)/((-1)/22)?
11, 17
Let b(u) = 34 + 47 + 3*u**2 + 4*u**2 - 5*u**2. What are the prime factors of b(0)?
3
Let k = -60 + 51. What are the prime factors of (57/k)/(4/12)*-11?
11, 19
List the prime factors of (3*(3 + -2))/(150/100) + 4022.
2, 503
Let c be 28/(-1) + -1 + (-12 - -11). Let n = 73 + c. Let v = n - 1. List the prime factors of v.
2, 3, 7
Suppose -25631 - 6989 = -38*l + 28*l. List the prime factors of l.
2, 7, 233
Let r = -16691 + 48852. List the prime factors of r.
29, 1109
Suppose 0 = 68*t - 35*t - 76329. What are the prime factors of t?
3, 257
What are the prime factors of -5 - 1 - 1/(10/(-1605580)*2)?
80273
Suppose -235*x = 1825342 - 4799032. List the prime factors of x.
2, 3, 19, 37
List the prime factors of (((-130360)/(-3))/4)/(556/834).
5, 3259
What are the prime factors of 18/(-10)*((-256309)/51 - 11)?
2, 3, 1511
Let b(u) = -u**3 - 2*u**2 + 23*u + 10. Let x be b(4). What are the prime factors of 1070/x*33/11?
5, 107
Let z = -29 + 34. Suppose z*o = -0*o - 1300. List the prime factors of (-44420)/o + 2/13.
3, 19
Let c(t) = -2099*t - 7366. What are the prime factors of c(-16)?
2, 13109
Let d be (-2)/10 - (-236)/5. Let y = 121 + d. What are the prime factors of (-2)/(-12) + (-6209)/y*-4?
2, 37
Suppose -49*q + 24*q + 6100 = 0. Suppose -q*y - 3528 = -250*y. List the prime factors of y.
2, 3, 7
Suppose -5*w - 4*o = -90897, -74*w - 5*o = -72*w - 36335. List the prime factors of w.
5, 3637
Suppose 5*m + 461 = i - 3*i, -5*m - 3*i = 459. Let y = 25 - m. Suppose v + 24 = y. What are the prime factors of v?
2, 47
Suppose 0 = 8*i - 7*i + n + 2221, -11060 = 5*i - 4*n. Let l = -970 - i. List the prime factors of l.
2, 7, 89
Let q = -482 - -644. Suppose 3*v = -3*k + q, -v - 73 = -3*v + 5*k. What are the prime factors of v?
7
Let j(z) = -2*z**3 + 7*z**2 + 32*z - 10. Let b be j(6). Suppose b*t - 2771 = -5*n + 1538, 3*t + 1716